734?
4
What is the millions digit of 4733935?
4
What is the tens digit of 792912?
1
What is the units digit of 360009?
9
What is the ten thousands digit of 37046603?
4
What is the units digit of 2238179?
9
What is the tens digit of 3642186?
8
What is the hundreds digit of 1734678?
6
What is the units digit of 751596?
6
What is the units digit of 29019110?
0
What is the ten thousands digit of 2519339?
1
What is the hundred thousands digit of 121633?
1
What is the thousands digit of 1826144?
6
What is the hundreds digit of 17815092?
0
What is the units digit of 202102?
2
What is the tens digit of 2240097?
9
What is the ten thousands digit of 1549408?
4
What is the tens digit of 282170?
7
What is the tens digit of 4768213?
1
What is the tens digit of 12009853?
5
What is the millions digit of 14762825?
4
What is the thousands digit of 1273848?
3
What is the thousands digit of 643539?
3
What is the hundred thousands digit of 1782077?
7
What is the units digit of 5495305?
5
What is the tens digit of 3379539?
3
What is the millions digit of 11864479?
1
What is the hundreds digit of 55463?
4
What is the hundred thousands digit of 1341486?
3
What is the millions digit of 20432540?
0
What is the ten thousands digit of 7123616?
2
What is the ten thousands digit of 103245?
0
What is the tens digit of 1562577?
7
What is the tens digit of 1288974?
7
What is the ten thousands digit of 3349027?
4
What is the units digit of 28061116?
6
What is the hundred thousands digit of 5051950?
0
What is the units digit of 4635748?
8
What is the tens digit of 396727?
2
What is the thousands digit of 631411?
1
What is the millions digit of 9644018?
9
What is the millions digit of 6584972?
6
What is the hundred thousands digit of 969131?
9
What is the thousands digit of 8870?
8
What is the hundreds digit of 4702587?
5
What is the tens digit of 748251?
5
What is the ten thousands digit of 25749477?
4
What is the hundreds digit of 49012?
0
What is the tens digit of 475789?
8
What is the thousands digit of 5128247?
8
What is the hundreds digit of 7134720?
7
What is the hundred thousands digit of 1877040?
8
What is the thousands digit of 11672090?
2
What is the units digit of 433466?
6
What is the thousands digit of 727400?
7
What is the hundreds digit of 1041757?
7
What is the thousands digit of 3347658?
7
What is the ten thousands digit of 3417599?
1
What is the thousands digit of 1856293?
6
What is the thousands digit of 840724?
0
What is the hundred thousands digit of 584008?
5
What is the ten thousands digit of 77512?
7
What is the units digit of 2284641?
1
What is the tens digit of 223305?
0
What is the hundreds digit of 8676?
6
What is the thousands digit of 431485?
1
What is the ten thousands digit of 399010?
9
What is the millions digit of 1100710?
1
What is the hundreds digit of 1622236?
2
What is the thousands digit of 21960?
1
What is the thousands digit of 188105?
8
What is the units digit of 4444820?
0
What is the hundreds digit of 91028?
0
What is the units digit of 335335?
5
What is the hundreds digit of 273886?
8
What is the hundred thousands digit of 1470785?
4
What is the ten thousands digit of 63959?
6
What is the ten thousands digit of 4946816?
4
What is the millions digit of 5230341?
5
What is the ten thousands digit of 180364?
8
What is the tens digit of 34535693?
9
What is the millions digit of 3845859?
3
What is the thousands digit of 12273115?
3
What is the thousands digit of 1139440?
9
What is the tens digit of 60982?
8
What is the units digit of 302631?
1
What is the hundred thousands digit of 175884?
1
What is the ten thousands digit of 4732552?
3
What is the hundred thousands digit of 812052?
8
What is the hundreds digit of 11445771?
7
What is the units digit of 318059?
9
What is the tens digit of 268312?
1
What is the units digit of 397093?
3
What is the units digit of 373351?
1
What is the hundreds digit of 18368?
3
What is the tens digit of 629436?
3
What is the ten thousands digit of 309911?
0
What is the units digit of 11743008?
8
What is the thousands digit of 21622016?
2
What is the tens digit of 2674552?
5
What is the hundred thousands digit of 1126372?
1
What is the thousands digit of 5324831?
4
What is the thousands digit of 6342864?
2
What is the tens digit of 719545?
4
What is the hundreds digit of 13714982?
9
What is the hundreds digit of 241255?
2
What is the ten thousands digit of 2654689?
5
What is the tens digit of 335574?
7
What is the ten thousands digit of 387953?
8
What is the units digit of 754746?
6
What is the ten thousands digit of 2307039?
0
What is the thousands digit of 59091?
9
What is the hundreds digit of 22554335?
3
What is the tens digit of 4093574?
7
What is the hundred thousands digit of 151584?
1
What is the ten thousands digit of 5456536?
5
What is the hundreds digit of 669800?
8
What is the thousands digit of 1379070?
9
What is the units digit of 387287?
7
What is the hundred thousands digit of 2517130?
5
What is the tens digit of 368086?
8
What is the tens digit of 520316?
1
What is the ten thousands digit of 73924?
7
What is the units digit of 282821?
1
What is the hundreds digit of 5643140?
1
What is the ten thousands digit of 814150?
1
What is the hundreds digit of 133535?
5
What is the hundreds digit of 3245426?
4
What is the units digit of 1769170?
0
What is the ten thousands digit of 519103?
1
What is the units digit of 1949464?
4
What is the ten thousands digit of 14085?
1
What is the ten thousands digit of 159210?
5
What is the ten thousands digit of 201159?
0
What is the units digit of 5180928?
8
What is the units digit of 2229171?
1
What is the tens digit of 2289595?
9
What is the tens digit of 534466?
6
What is the millions digit of 1363765?
1
What is the tens digit of 5614072?
7
What is the tens digit of 506692?
9
What is the hundred thousands digit of 1073068?
0
What is the hundred thousands digit of 1522035?
5
What is the tens digit of 943678?
7
What is the tens digit of 19199110?
1
What is the tens digit of 2485748?
4
What is the tens digit of 636947?
4
What is the units digit of 9531093?
3
What is the millions digit of 2327148?
2
What is the ten millions digit of 23789198?
2
What is the units digit of 32841?
1
What is the hundred thousands digit of 189382?
1
What is the hundreds digit of 118547?
5
What is the hundreds digit of 8323824?
8
What is the thousands digit of 12404190?
4
What is the thousands digit of 26154906?
4
What is the tens digit of 1561513?
1
What is the thousands digit of 6515747?
5
What is the thousands digit of 397502?
7
What is the millions digit of 2467570?
2
What is the millions digit of 2614419?
2
What is the units digit of 273268?
8
What is the tens digit of 435782?
8
What is the units digit of 109516?
6
What is the units digit of 894306?
6
What is the units digit of 8453545?
5
What is the units digit of 3986180?
0
What is the tens digit of 503418?
1
What is the ten thousands digit of 5182076?
8
What is the units digit of 657830?
0
What is the tens digit of 601770?
7
What is the hundreds digit of 13411315?
3
What is the hundreds digit of 72619?
6
What is the tens digit of 5116735?
3
What is the thousands digit of 51003?
1
What is the thousands digit of 1243044?
3
What is the hundred thousands digit of 3739192?
7
What is the thousands digit of 7055998?
5
What is the hundreds digit of 212783?
7
What is the units digit of 410106?
6
What is the units digit of 14033895?
5
What is the ten thousands digit of 363337?
6
What is the thousands digit of 979469?
9
What is the hundred thousands digit of 7574591?
5
What is the tens digit of 2310539?
3
What is the tens digit of 35873?
7
What is the units digit of 1141729?
9
What is the thousands digit of 7832747?
2
What is the hundreds digit of 224156?
1
What is the ten thousands digit of 190148?
9
What is the thousands digit of 1216550?
6
What is the hundreds digit of 150032?
0
What is the thousands digit of 9101938?
1
What is the ten thousands digit of 15873884?
7
What is the tens digit of 3451352?
5
What is the ten thousands digit of 72617?
7
What is the thousands digit of 4488301?
8
What is the tens digit of 334282?
8
What is the thousands digit of 288505?
8
What is the tens digit of 1725086?
8
What is the thousands digit of 37